 m(b) = -4*b - b**2 + 2*b + 0*b + 1. Give m(-4).
-7
Let o(b) = b**3 + b**2 + 2. Let i be o(0). Let g(d) = i*d**3 + d**2 - 5*d**3 + 0*d**3 + 2*d**3. Let l(t) = 2*t**2 + t - 1. Let k be l(1). Calculate g(k).
-4
Let c(x) = 2*x**2 - x + 2. Let s(p) = -2*p**2 + 2*p - 2. Let m(j) = -3*c(j) - 2*s(j). Suppose 5 = 5*t - 2*k - k, 4*t - 2*k - 2 = 0. Calculate m(t).
-8
Let m(k) = 79*k**2 - 2*k - 1. Let h be m(-1). Suppose -t - 4*t + h = 0. Let g be (t/10 - 1)*-5. Let u(n) = -n**2 - 2*n + 2. Give u(g).
-1
Let k(h) = h**2 - 2*h - 3. Suppose 3*v - 8*v = 5*t + 15, -5*t = -2*v + 1. Let q be 0 + -4 + (v - -10). Give k(q).
5
Let w = -11 - -16. Let g(i) be the third derivative of i**6/120 - i**5/12 + i**4/12 - i**3/6 + 3*i**2. Determine g(w).
9
Let f = -8 + 7. Let m = -1 - f. Let h(k) = -k**2 - 5. Give h(m).
-5
Let s(i) = 2*i - 23. Let k(a) = -a + 11. Let b(m) = -7*k(m) - 3*s(m). Give b(0).
-8
Let l = -112 - -118. Let t(c) = c**3 - 7*c**2 + 7*c - 3. Determine t(l).
3
Suppose -2*n - 31 = 5*d, -4*d - 4 - 4 = -4*n. Let x(w) = w**2 + 6*w + 7. Let k be x(d). Let r(y) = 3 - k*y - 3 - y. Calculate r(1).
-3
Let i(q) = -2*q + 7. Let j be (-8)/3*((-42)/(-24) + -4). What is i(j)?
-5
Let w be (-1)/((-3)/(-2) + -1). Let y(l) = -5*l**2 + 4*l - 5. Let m(u) = -4*u**2 + 3*u - 4. Let i(o) = 6*m(o) - 5*y(o). Determine i(w).
9
Let p be 6/9*3/(-1). Let x be 1*(-2)/4*p. Let a(r) be the second derivative of -r**3/2 + r**2/2 - 11*r + 2. Determine a(x).
-2
Let w(r) be the first derivative of 3*r**2/2 - 26. Calculate w(-1).
-3
Suppose -h + 4*m = -12, 0 = -2*h + 2*m - m + 3. Suppose h = 5*z - z + 2*w - 22, 5*w - 23 = -2*z. Let f(v) = -4*v + 3*v - z*v. What is f(-1)?
5
Let t(v) be the first derivative of v**3/3 - 5*v**2/2 + 2*v - 10. Suppose -y = 3*c + 3*y - 19, c - y - 4 = 0. Determine t(c).
2
Suppose 0 = 3*y + 3*d - 15, 2*y + 0*y = 3*d - 5. Let i(v) = -v**y + 0*v**2 + 3*v + 3 - 4*v. Suppose 0*m = -2*m. Determine i(m).
3
Let m(l) = l**3 + l**2 + 3*l**2 + 1 + 0*l**3. Let a(g) = 5*g + 51. Let n be a(-11). Determine m(n).
1
Suppose 0 = 5*a - 3*y - 14, -3*a - 2*y = -7*a + 12. Let o(w) = w**2 - 5*w + 2. Calculate o(a).
-2
Let s be 22/4 - (-2)/4. Suppose 3*t - s = t. Let k(m) = -m**3 - 2*m - 2*m**2 + m**2 + t*m**2. Determine k(2).
-4
Let y(a) = -a + 10. Let q be ((-4)/(-2) - -1) + -2. Let k be (-6*q + 1)*-1. Calculate y(k).
5
Let q(s) = s**2 - s + 3. Let c = -5 + 9. Suppose -5*r = -c*r. What is q(r)?
3
Suppose q = 2*d - 6, 3*q + 2*d = -q + 16. Let x(t) = 2*t - 2. Determine x(q).
2
Let b be 6/(-9) - (-8)/3. Let r(u) = u**2 + u + 1. Give r(b).
7
Let n = 74 - 79. Let b(g) = -2*g - 7. Give b(n).
3
Let x(m) = -21*m + 15. Suppose 6*k + 40 = k + 2*y, 5*k + 5*y + 5 = 0. Let c(g) = 11*g - 8. Let j(n) = k*x(n) - 11*c(n). Determine j(2).
8
Let t(n) = -3 + 4*n - 1 - 5*n. Suppose 25 - 10 = 5*p. Suppose -j - 1 = -2*y, 3*j + j - p*y = 6. Determine t(j).
-7
Let x(d) = -2*d + 3*d + 1 + 10*d + 0*d. Calculate x(-1).
-10
Let v(b) = -6*b**2 - 27 - 3*b**2 + 7*b**2 + 29 + 4*b - b**3. Give v(-3).
-1
Let q(a) be the first derivative of 2 + 2*a - 5*a + 0*a**2 - a**2. Let b(i) = i**3 + 7*i**2 - 7*i + 6. Let z be b(-8). Determine q(z).
1
Let k(a) = 2*a**2 - 2*a - 2. Let z be k(2). Suppose z*y + 3 = y. Let h(p) = p**3 + 2*p**2 - 2*p - 3. Give h(y).
-6
Let g be 0 + 2 + (-52)/13. Let m(n) = -n**2 - 1. Determine m(g).
-5
Let y(i) = i**2 - 5*i - 7. Suppose -6 = -3*n + 4*l, -7*n + 18 = -2*n - 4*l. Let r = -1 + n. Suppose 3*v - 5 = -4*o, -15 = r*v - 2*v. Give y(o).
-7
Let h be ((-21)/(-12) - 2)*-16. Let r(f) = -f**2 + 5*f - 5. Determine r(h).
-1
Let t = 10 - 5. Let f(d) = 7 - 2 - t*d - 2 + 3 + d**2. What is f(4)?
2
Let b(p) = 2*p**2 - p. Let a = -12 - -7. Let g(w) = 3*w**2 - 3*w. Let y(s) = a*b(s) + 2*g(s). Give y(1).
-5
Let h(r) = -340 + 0*r + 338 + 0*r - 6*r**2. Calculate h(-2).
-26
Let f(j) = -j**2 - 2*j. Let n(w) = 3*w + 69. Let q be n(-24). What is f(q)?
-3
Let i(s) = -s**3 - 9*s**2 + 8*s - 13. Suppose -w - 7 - 4 = j, 4*j - 46 = 5*w. Determine i(w).
7
Let x(u) = -6*u**3 + 5*u**2 + 10*u**3 - u**3 + 3*u - 4*u**3 - 4. Determine x(5).
11
Suppose q + 5 = o, -2*q + 4*q = -3*o + 20. Suppose 4*f = -0*b - 3*b - o, -4*b - 8 = 0. Let p(l) = 9 + 1 - 1 + l. Calculate p(f).
9
Let s(t) = 2*t**2 - 4*t + 3. Let j = -14 + 15. Suppose 2 = y, 8*y - 3*y = 3*m + j. What is s(m)?
9
Let b(f) be the third derivative of f**5/60 + f**4/24 - f**3/3 - 2*f**2. Let q = 1 + 2. Suppose q*c = c. Determine b(c).
-2
Let o(c) = -c**2 + 5*c + 4. Suppose 0 = y + 2*y + 2*f - 26, 3*y = 3*f + 36. Let p be y/(3*2/18). Suppose -3*w + 8*w = p. What is o(w)?
-2
Let u(c) = 3*c - 3. Let x = -14 + -11. Let a be 16/5 - (-5)/x. Determine u(a).
6
Let a(b) = 3*b**2 + b - 3. Let z(s) = 3*s**2 + 2*s - 4. Let l(r) = 3*a(r) - 2*z(r). Calculate l(-1).
3
Let l be (-2)/2 - 18/(-16). Let b(x) be the third derivative of l*x**4 + 0 + x**2 + 0*x + x**3. Give b(-4).
-6
Let u be 9/(-15) + 23/5. Let w(c) = c - 1. Let r(b) = -b**2 - b + 1. Let z(m) = r(m) + 5*w(m). Calculate z(u).
-4
Let q(i) = -i**2 + 6*i. Suppose 6*c - 2*c = z + 6, 0 = -2*z + 2*c. Suppose z*g = g + 8. Suppose -4*m + g = 2*w, 0*w + 4*m = -4*w + 16. Calculate q(w).
8
Let q(l) = 3*l - 5. Let t(s) = -s**3 + s**2 + s + 2. Let c be t(0). Let z(k) = k**2 - k + 2. Let b be z(c). Calculate q(b).
7
Suppose 4*i - 2 + 22 = 0. Let o(r) = 2 + 4 - 5 + r + 5. Determine o(i).
1
Let s = 4 - 2. Let b be 1*(s + -1) + 2. Let u(k) = -k + 4. Give u(b).
1
Let c(g) = 6*g + 1. Suppose -3*v - 4*n = 20, 0 = -v - 2*n + 5*n + 15. Let w = 1 - v. Determine c(w).
7
Let d(s) = s**2 - 4*s - 5. Suppose -t - 1 + 10 = a, a + 6 = 2*t. Give d(t).
0
Let g(s) = -7*s**3 - s - 3. Let m(n) = 4*n**3 + n + 2. Let a(v) = 3*g(v) + 5*m(v). Calculate a(2).
-3
Let n(v) be the first derivative of -v**4/4 + 5*v**3/3 - 3*v**2/2 - 2*v - 11. Calculate n(4).
2
Suppose g - 3 = 2*y + 3*y, 0 = 3*g + y - 9. Suppose 0 = -2*c + 3*c - 2. Let m(i) = 1 + 2 - 2 - i**c + g*i. Give m(4).
-3
Let h(g) = 29*g**3 - 10*g**2 - 13*g - 3. Let p(a) = 19*a**3 - 7*a**2 - 9*a - 2. Let c(m) = 5*h(m) - 7*p(m). What is c(-1)?
-12
Let a = 9 - 5. Let s(y) = 6 - 2 - 5*y + a*y - 1. Give s(-3).
6
Let p(y) = y**2 + 7*y - 1. Let w(l) = 3*l**2 - 5*l - 4. Let k(i) = -10*i**2 + 15*i + 11. Let v(u) = 2*k(u) + 7*w(u). Let h be v(5). Give p(h).
-7
Let x(m) = -9*m**2 + 12*m - 11. Let s(y) = -5*y**2 + 6*y - 6. Let o(p) = -11*s(p) + 6*x(p). Suppose -u = -f - 8, -4*u = -f - 0*u - 23. Calculate o(f).
-9
Let z(d) = -d**2 + d - 3. Let g(b) = 5*b**2 - 6*b + 16. Let f(q) = -2*g(q) - 11*z(q). Let i = -2 + 2. Let h = i + -2. Determine f(h).
3
Let o(k) = 2*k - 4. Suppose -4*m - 5 = m + 3*y, -5*m + 30 = -4*y. Suppose t = -m*t + 9. Suppose 3 = -t*l + 4*l. Calculate o(l).
2
Let u(h) = 11*h - 5*h + 1 + 9*h**2 + 0*h**3 - 2*h**2 + h**3. Give u(-6).
1
Let x(a) be the second derivative of -a**5/20 + a**4/3 - a**3/3 + a**2/2 + 28*a. Determine x(3).
4
Suppose -2*h - h = 0. Let a(t) = -t + 6. Calculate a(h).
6
Let f(a) be the second derivative of a**7/840 - a**5/120 - a**3/2 - 3*a. Let t(w) be the second derivative of f(w). Calculate t(-1).
0
Let k(p) = 28 + 33 + 12*p - 58. Give k(-2).
-21
Let n(z) = -z**3 - z**2 + 4*z + 5. Let w(c) = 2*c**3 + 3*c**2 - 8*c - 10. Suppose -3*b + 20 = 5. Let k(m) = b*n(m) + 3*w(m). Determine k(-5).
-10
Let p(q) = q + 3. Let k(l) = -5*l - 4. Let g(y) = -9*y - 7. Let n(o) = 6*g(o) - 11*k(o). Let w(a) = 4*n(a) - 3*p(a). Let m = -6 + 10. What is w(m)?
3
Let z = -45 - -44. Let o(l) = -9*l - 1. Give o(z).
8
Let w(r) = 0*r**2 + 1 + 0*r**2 - 5*r**3. Suppose -7 = -5*u + 3, 5*l - 2*u = 61. Let b = l - 12. Determine w(b).
-4
Let l(k) = -k**2 + 7*k - 8. Suppose 2*y = -3*y + 4*w + 34, -25 = -5*y - 5*w. What is l(y)?
-2
Let s(n) = 4 + 2 + 0*n - n - 3*n. Calculate s(-5).
26
Let j(r) = 53*r**3 + 2*r - 3 - 8*r - 52*r**3 + 4*r**2. Determine j(-5).
2
Let t be (6/2)/(3/2). Let s be 3/t - (-1)/2. Let k(v) = -2*v**s + 4*v**2 + 2*v - v**2 - v**3. What is k(2)?
0
Let q(h) = h**2 - 7*h + 4. Let p = 23 + -17. Calculate q(p).
-2
Let z = 1 - 1. Let o(y) = y - 3. Let b be o(z). Let k(q) = q + 2. Give k(b).
-1
Let p = 0 + 2. Let s(l) = -5 + 0*l**3 + 6*l**p + 3*l + l**3 + 2. Give s(-5).
7
Suppose -5*k - 23 - 2 = 0. Let r(h) = h**3 + 6*h**2 + 4*h + 1. Calculate r(k).
6
Let z(n) = -5*n**2 + 8*n + 8. Let l(h) = -h**3 - h + 1. Suppose 5*t -